{"id":1863,"date":"2023-08-02T12:22:36","date_gmt":"2023-08-02T10:22:36","guid":{"rendered":"https:\/\/www.svazdopravy.cz\/?page_id=1863"},"modified":"2026-03-03T14:21:30","modified_gmt":"2026-03-03T13:21:30","slug":"proc-se-stat-clenem","status":"publish","type":"page","link":"https:\/\/www.svazdopravy.cz\/en\/proc-se-stat-clenem\/","title":{"rendered":"Pro\u010d se st\u00e1t \u010dlenem"},"content":{"rendered":"<div data-elementor-type=\"wp-page\" data-elementor-id=\"1863\" class=\"elementor elementor-1863\">\n\t\t\t\t\t\t<section class=\"elementor-section elementor-top-section elementor-element elementor-element-bad7dc3 elementor-section-boxed elementor-section-height-default elementor-section-height-default\" data-id=\"bad7dc3\" data-element_type=\"section\" data-e-type=\"section\">\n\t\t\t\t\t\t<div class=\"elementor-container elementor-column-gap-default\">\n\t\t\t\t\t<div class=\"elementor-column elementor-col-100 elementor-top-column elementor-element elementor-element-fb2becf\" data-id=\"fb2becf\" data-element_type=\"column\" data-e-type=\"column\">\n\t\t\t<div class=\"elementor-widget-wrap elementor-element-populated\">\n\t\t\t\t\t\t<div class=\"elementor-element elementor-element-35c814b elementor-widget elementor-widget-text-editor\" data-id=\"35c814b\" data-element_type=\"widget\" data-e-type=\"widget\" data-widget_type=\"text-editor.default\">\n\t\t\t\t<div class=\"elementor-widget-container\">\n\t\t\t\t\t\t\t\t\t<p>Svaz dopravy dlouhodob\u011b sdru\u017euje kl\u00ed\u010dov\u00e9 subjekty nap\u0159\u00ed\u010d v\u0161emi m\u00f3dy dopravy \u2013 silni\u010dn\u00ed, \u017eelezni\u010dn\u00ed, leteckou, vodn\u00ed, a tak\u00e9 silni\u010dn\u00ed infrastrukturu a \u017eelezni\u010dn\u00ed pr\u016fmysl s c\u00edlem systematicky prosazovat stabiln\u00ed, konkurenceschopnou a ekologicky udr\u017eitelnou dopravu v \u010cesk\u00e9 republice i v evropsk\u00e9m kontextu. Vstup nov\u00e9ho \u010dlena p\u0159edstavuje nejen roz\u0161\u00ed\u0159en\u00ed odborn\u00e9ho z\u00e1zem\u00ed svazu, ale tak\u00e9 pos\u00edlen\u00ed spole\u010dn\u00e9ho hlasu p\u0159i jedn\u00e1n\u00edch se st\u00e1tn\u00ed spr\u00e1vou, evropsk\u00fdmi institucemi a dal\u0161\u00edmi partnery. \u010clenstv\u00ed ve Svazu dopravy umo\u017e\u0148uje aktivn\u011b se pod\u00edlet na napl\u0148ov\u00e1n\u00ed a spoluutv\u00e1\u0159en\u00ed strategick\u00fdch c\u00edl\u016f.<\/p>\t\t\t\t\t\t\t\t<\/div>\n\t\t\t\t<\/div>\n\t\t\t\t<section class=\"elementor-section elementor-inner-section elementor-element elementor-element-0e9d24c elementor-section-content-top elementor-section-boxed elementor-section-height-default elementor-section-height-default\" data-id=\"0e9d24c\" data-element_type=\"section\" data-e-type=\"section\">\n\t\t\t\t\t\t<div class=\"elementor-container elementor-column-gap-default\">\n\t\t\t\t\t<div class=\"elementor-column elementor-col-50 elementor-inner-column elementor-element elementor-element-476b249\" data-id=\"476b249\" data-element_type=\"column\" data-e-type=\"column\" data-settings=\"{&quot;background_background&quot;:&quot;classic&quot;}\">\n\t\t\t<div class=\"elementor-widget-wrap elementor-element-populated\">\n\t\t\t\t\t\t<div class=\"elementor-element elementor-element-c2ac132 elementor-widget elementor-widget-text-editor\" data-id=\"c2ac132\" data-element_type=\"widget\" data-e-type=\"widget\" data-widget_type=\"text-editor.default\">\n\t\t\t\t<div class=\"elementor-widget-container\">\n\t\t\t\t\t\t\t\t\t<h4 class=\"m_4432870659459380396MsoListParagraph\"><b>P\u0159\u00ednosy \u010dlenstv\u00ed pro nov\u00e9ho \u010dlena<u><\/u><u><\/u><\/b><\/h4><p class=\"m_4432870659459380396MsoListParagraph\">Vstupem do Svazu dopravy z\u00edsk\u00e1v\u00e1 nov\u00fd \u010dlen zejm\u00e9na:<u><\/u><u><\/u><\/p><ul><li class=\"m_4432870659459380396MsoListParagraph\">p\u0159\u00edm\u00fd vliv na tvorbu stanovisek k n\u00e1rodn\u00ed i evropsk\u00e9 legislativ\u011b v oblasti dopravy,<u><\/u><u><\/u><\/li><li class=\"m_4432870659459380396MsoListParagraph\">p\u0159\u00edstup k aktu\u00e1ln\u00edm informac\u00edm z jedn\u00e1n\u00ed s Ministerstvem dopravy, institucemi EU,<u><\/u><u><\/u><\/li><li class=\"m_4432870659459380396MsoListParagraph\">platformu pro sd\u00edlen\u00ed zku\u0161enost\u00ed s ostatn\u00edmi dopravci, provozovateli termin\u00e1l\u016f a logistick\u00fdmi firmami,<u><\/u><u><\/u><\/li><li class=\"m_4432870659459380396MsoListParagraph\">mo\u017enost aktivn\u011b se zapojit do odborn\u00fdch sekc\u00ed a pracovn\u00edch skupin,<u><\/u><u><\/u><\/li><li class=\"m_4432870659459380396MsoListParagraph\">pos\u00edlen\u00ed sv\u00e9 pozice v\u016f\u010di st\u00e1tn\u00ed spr\u00e1v\u011b i obchodn\u00edm partner\u016fm prost\u0159ednictv\u00edm kolektivn\u00edho zastoupen\u00ed.<\/li><\/ul>\t\t\t\t\t\t\t\t<\/div>\n\t\t\t\t<\/div>\n\t\t\t\t\t<\/div>\n\t\t<\/div>\n\t\t\t\t<div class=\"elementor-column elementor-col-50 elementor-inner-column elementor-element elementor-element-82be819\" data-id=\"82be819\" data-element_type=\"column\" data-e-type=\"column\" data-settings=\"{&quot;background_background&quot;:&quot;classic&quot;}\">\n\t\t\t<div class=\"elementor-widget-wrap elementor-element-populated\">\n\t\t\t\t\t\t<div class=\"elementor-element elementor-element-2fadd97 elementor-widget elementor-widget-text-editor\" data-id=\"2fadd97\" data-element_type=\"widget\" data-e-type=\"widget\" data-widget_type=\"text-editor.default\">\n\t\t\t\t<div class=\"elementor-widget-container\">\n\t\t\t\t\t\t\t\t\t<h4 class=\"m_4432870659459380396MsoListParagraph\"><b>Zapojen\u00ed nov\u00e9ho \u010dlena<\/b><\/h4><p class=\"m_4432870659459380396MsoListParagraph\">Nov\u00fd \u010dlen m\u016f\u017ee b\u00fdt zapojen:<\/p><ul><li class=\"m_4432870659459380396MsoListParagraph\"><p class=\"m_4432870659459380396MsoListParagraph\">do \u010dinnosti sekce dle odbornosti,<\/p><\/li><li class=\"m_4432870659459380396MsoListParagraph\"><p class=\"m_4432870659459380396MsoListParagraph\"><u><\/u><u><\/u>do p\u0159\u00edpravy odborn\u00fdch podklad\u016f a stanovisek svazu,<\/p><\/li><li class=\"m_4432870659459380396MsoListParagraph\"><p class=\"m_4432870659459380396MsoListParagraph\"><u><\/u><u><\/u>do jedn\u00e1n\u00ed s ve\u0159ejnou spr\u00e1vou a institucemi,<\/p><\/li><li class=\"m_4432870659459380396MsoListParagraph\"><p class=\"m_4432870659459380396MsoListParagraph\"><u><\/u><u><\/u>\u00a0do tematick\u00fdch projekt\u016f<\/p><\/li><\/ul>\t\t\t\t\t\t\t\t<\/div>\n\t\t\t\t<\/div>\n\t\t\t\t\t<\/div>\n\t\t<\/div>\n\t\t\t\t\t<\/div>\n\t\t<\/section>\n\t\t\t\t<div class=\"elementor-element elementor-element-6483d7f elementor-widget elementor-widget-heading\" data-id=\"6483d7f\" data-element_type=\"widget\" data-e-type=\"widget\" data-widget_type=\"heading.default\">\n\t\t\t\t<div class=\"elementor-widget-container\">\n\t\t\t\t\t<h4 class=\"elementor-heading-title elementor-size-default\">Z\u00e1v\u011br<\/h4>\t\t\t\t<\/div>\n\t\t\t\t<\/div>\n\t\t\t\t<div class=\"elementor-element elementor-element-1e15690 elementor-widget__width-initial elementor-widget elementor-widget-text-editor\" data-id=\"1e15690\" data-element_type=\"widget\" data-e-type=\"widget\" data-widget_type=\"text-editor.default\">\n\t\t\t\t<div class=\"elementor-widget-container\">\n\t\t\t\t\t\t\t\t\t<p class=\"m_4432870659459380396MsoListParagraph\"><span style=\"font-size: 1rem;\">\u010clenstv\u00ed ve Svazu dopravy p\u0159edstavuje strategickou p\u0159\u00edle\u017eitost, jak se aktivn\u011b pod\u00edlet na formov\u00e1n\u00ed budoucnosti n\u00e1kladn\u00ed i osobn\u00ed dopravy v \u010cesk\u00e9 republice. Spole\u010dn\u00fdm postupem lze \u00fa\u010dinn\u011b prosazovat stabiln\u00ed investi\u010dn\u00ed prost\u0159ed\u00ed, racion\u00e1ln\u00ed regulaci a dlouhodob\u011b udr\u017eiteln\u00fd rozvoj dopravy.<\/span><\/p>\t\t\t\t\t\t\t\t<\/div>\n\t\t\t\t<\/div>\n\t\t\t\t\t<\/div>\n\t\t<\/div>\n\t\t\t\t\t<\/div>\n\t\t<\/section>\n\t\t\t\t<\/div>","protected":false},"excerpt":{"rendered":"<p>Svaz dopravy dlouhodob\u011b sdru\u017euje kl\u00ed\u010dov\u00e9 subjekty nap\u0159\u00ed\u010d v\u0161emi m\u00f3dy dopravy \u2013 silni\u010dn\u00ed, \u017eelezni\u010dn\u00ed, leteckou, vodn\u00ed, a tak\u00e9 silni\u010dn\u00ed infrastrukturu a \u017eelezni\u010dn\u00ed pr\u016fmysl s c\u00edlem systematicky prosazovat stabiln\u00ed, konkurenceschopnou a ekologicky udr\u017eitelnou dopravu v \u010cesk\u00e9 republice i v evropsk\u00e9m kontextu. Vstup nov\u00e9ho \u010dlena p\u0159edstavuje nejen roz\u0161\u00ed\u0159en\u00ed odborn\u00e9ho z\u00e1zem\u00ed svazu, ale tak\u00e9 pos\u00edlen\u00ed spole\u010dn\u00e9ho hlasu p\u0159i jedn\u00e1n\u00edch [&hellip;]<\/p>\n","protected":false},"author":1,"featured_media":0,"parent":0,"menu_order":0,"comment_status":"closed","ping_status":"closed","template":"","meta":{"footnotes":""},"class_list":["post-1863","page","type-page","status-publish","hentry"],"_links":{"self":[{"href":"https:\/\/www.svazdopravy.cz\/en\/wp-json\/wp\/v2\/pages\/1863","targetHints":{"allow":["GET"]}}],"collection":[{"href":"https:\/\/www.svazdopravy.cz\/en\/wp-json\/wp\/v2\/pages"}],"about":[{"href":"https:\/\/www.svazdopravy.cz\/en\/wp-json\/wp\/v2\/types\/page"}],"author":[{"embeddable":true,"href":"https:\/\/www.svazdopravy.cz\/en\/wp-json\/wp\/v2\/users\/1"}],"replies":[{"embeddable":true,"href":"https:\/\/www.svazdopravy.cz\/en\/wp-json\/wp\/v2\/comments?post=1863"}],"version-history":[{"count":37,"href":"https:\/\/www.svazdopravy.cz\/en\/wp-json\/wp\/v2\/pages\/1863\/revisions"}],"predecessor-version":[{"id":2821,"href":"https:\/\/www.svazdopravy.cz\/en\/wp-json\/wp\/v2\/pages\/1863\/revisions\/2821"}],"wp:attachment":[{"href":"https:\/\/www.svazdopravy.cz\/en\/wp-json\/wp\/v2\/media?parent=1863"}],"curies":[{"name":"wp","href":"https:\/\/api.w.org\/{rel}","templated":true}]}}

Proč se stát členem

<div data-elementor-type="wp-page" data-elementor-id="1863" class="elementor elementor-1863">
						<section class="elementor-section elementor-top-section elementor-element elementor-element-bad7dc3 elementor-section-boxed elementor-section-height-default elementor-section-height-default" data-id="bad7dc3" data-element_type="section" data-e-type="section">
						<div class="elementor-container elementor-column-gap-default">
					<div class="elementor-column elementor-col-100 elementor-top-column elementor-element elementor-element-fb2becf" data-id="fb2becf" data-element_type="column" data-e-type="column">
			<div class="elementor-widget-wrap elementor-element-populated">
						<div class="elementor-element elementor-element-35c814b elementor-widget elementor-widget-text-editor" data-id="35c814b" data-element_type="widget" data-e-type="widget" data-widget_type="text-editor.default">
				<div class="elementor-widget-container">
									<p>Svaz dopravy dlouhodobě sdružuje klíčové subjekty napříč všemi módy dopravy – silniční, železniční, leteckou, vodní, a také silniční infrastrukturu a železniční průmysl s cílem systematicky prosazovat stabilní, konkurenceschopnou a ekologicky udržitelnou dopravu v České republice i v evropském kontextu. Vstup nového člena představuje nejen rozšíření odborného zázemí svazu, ale také posílení společného hlasu při jednáních se státní správou, evropskými institucemi a dalšími partnery. Členství ve Svazu dopravy umožňuje aktivně se podílet na naplňování a spoluutváření strategických cílů.</p>								</div>
				</div>
				<section class="elementor-section elementor-inner-section elementor-element elementor-element-0e9d24c elementor-section-content-top elementor-section-boxed elementor-section-height-default elementor-section-height-default" data-id="0e9d24c" data-element_type="section" data-e-type="section">
						<div class="elementor-container elementor-column-gap-default">
					<div class="elementor-column elementor-col-50 elementor-inner-column elementor-element elementor-element-476b249" data-id="476b249" data-element_type="column" data-e-type="column" data-settings="{&quot;background_background&quot;:&quot;classic&quot;}">
			<div class="elementor-widget-wrap elementor-element-populated">
						<div class="elementor-element elementor-element-c2ac132 elementor-widget elementor-widget-text-editor" data-id="c2ac132" data-element_type="widget" data-e-type="widget" data-widget_type="text-editor.default">
				<div class="elementor-widget-container">
									<h4 class="m_4432870659459380396MsoListParagraph"><b>Přínosy členství pro nového člena<u></u><u></u></b></h4><p class="m_4432870659459380396MsoListParagraph">Vstupem do Svazu dopravy získává nový člen zejména:<u></u><u></u></p><ul><li class="m_4432870659459380396MsoListParagraph">přímý vliv na tvorbu stanovisek k národní i evropské legislativě v oblasti dopravy,<u></u><u></u></li><li class="m_4432870659459380396MsoListParagraph">přístup k aktuálním informacím z jednání s Ministerstvem dopravy, institucemi EU,<u></u><u></u></li><li class="m_4432870659459380396MsoListParagraph">platformu pro sdílení zkušeností s ostatními dopravci, provozovateli terminálů a logistickými firmami,<u></u><u></u></li><li class="m_4432870659459380396MsoListParagraph">možnost aktivně se zapojit do odborných sekcí a pracovních skupin,<u></u><u></u></li><li class="m_4432870659459380396MsoListParagraph">posílení své pozice vůči státní správě i obchodním partnerům prostřednictvím kolektivního zastoupení.</li></ul>								</div>
				</div>
					</div>
		</div>
				<div class="elementor-column elementor-col-50 elementor-inner-column elementor-element elementor-element-82be819" data-id="82be819" data-element_type="column" data-e-type="column" data-settings="{&quot;background_background&quot;:&quot;classic&quot;}">
			<div class="elementor-widget-wrap elementor-element-populated">
						<div class="elementor-element elementor-element-2fadd97 elementor-widget elementor-widget-text-editor" data-id="2fadd97" data-element_type="widget" data-e-type="widget" data-widget_type="text-editor.default">
				<div class="elementor-widget-container">
									<h4 class="m_4432870659459380396MsoListParagraph"><b>Zapojení nového člena</b></h4><p class="m_4432870659459380396MsoListParagraph">Nový člen může být zapojen:</p><ul><li class="m_4432870659459380396MsoListParagraph"><p class="m_4432870659459380396MsoListParagraph">do činnosti sekce dle odbornosti,</p></li><li class="m_4432870659459380396MsoListParagraph"><p class="m_4432870659459380396MsoListParagraph"><u></u><u></u>do přípravy odborných podkladů a stanovisek svazu,</p></li><li class="m_4432870659459380396MsoListParagraph"><p class="m_4432870659459380396MsoListParagraph"><u></u><u></u>do jednání s veřejnou správou a institucemi,</p></li><li class="m_4432870659459380396MsoListParagraph"><p class="m_4432870659459380396MsoListParagraph"><u></u><u></u> do tematických projektů</p></li></ul>								</div>
				</div>
					</div>
		</div>
					</div>
		</section>
				<div class="elementor-element elementor-element-6483d7f elementor-widget elementor-widget-heading" data-id="6483d7f" data-element_type="widget" data-e-type="widget" data-widget_type="heading.default">
				<div class="elementor-widget-container">
					<h4 class="elementor-heading-title elementor-size-default">Závěr</h4>				</div>
				</div>
				<div class="elementor-element elementor-element-1e15690 elementor-widget__width-initial elementor-widget elementor-widget-text-editor" data-id="1e15690" data-element_type="widget" data-e-type="widget" data-widget_type="text-editor.default">
				<div class="elementor-widget-container">
									<p class="m_4432870659459380396MsoListParagraph"><span style="font-size: 1rem;">Členství ve Svazu dopravy představuje strategickou příležitost, jak se aktivně podílet na formování budoucnosti nákladní i osobní dopravy v České republice. Společným postupem lze účinně prosazovat stabilní investiční prostředí, racionální regulaci a dlouhodobě udržitelný rozvoj dopravy.</span></p>								</div>
				</div>
					</div>
		</div>
					</div>
		</section>
				</div>

<p>Svaz dopravy dlouhodobě sdružuje klíčové subjekty napříč všemi módy dopravy – silniční, železniční, leteckou, vodní, a také silniční infrastrukturu a železniční průmysl s cílem systematicky prosazovat stabilní, konkurenceschopnou a ekologicky udržitelnou dopravu v České republice i v evropském kontextu. Vstup nového člena představuje nejen rozšíření odborného zázemí svazu, ale také posílení společného hlasu při jednáních [&hellip;]</p>
